{"id":329,"date":"2024-05-27T22:40:48","date_gmt":"2024-05-27T22:40:48","guid":{"rendered":"https:\/\/climaduct.cl\/?post_type=product&#038;p=329"},"modified":"2024-05-29T02:52:04","modified_gmt":"2024-05-29T02:52:04","slug":"lana-con-foil","status":"publish","type":"product","link":"https:\/\/climaduct.cl\/index.php\/producto\/lana-con-foil\/","title":{"rendered":"LANA CON FOIL"},"content":{"rendered":"<p>Rollo de Lana de Vidrio de alta calidad y con gran capacidad de aislamiento t\u00e9rmico y ac\u00fastico. Con 50mm de espesor y un rendimiento de 18 metros cuadrados dado su ancho de 1.2 metros y su longitud de 15 metros. Con film de aluminio que act\u00faa como barrera de vapor ayudando a prevenir el problema de la condensaci\u00f3n en techos livianos. La lana de vidrio se usa como aislante t\u00e9rmico y ac\u00fastico sobre cielorrasos, cielos falsos, tabiques o revestimientos de paredes, logrando ambientes m\u00e1s confortables.<\/p>\n<p><strong>Medidas:<\/strong><\/p>\n<p>Densidades: 16,24 y 35 kg\/m3<\/p>\n<p>Espesores: 25, 38, 50mm<\/p>\n","protected":false},"excerpt":{"rendered":"<p>Rollo de Lana de Vidrio de alta calidad y con gran capacidad de aislamiento t\u00e9rmico y ac\u00fastico. Con 50mm de espesor y un rendimiento de 18 metros cuadrados dado su ancho de 1.2 metros y su longitud de 15 metros. Con film de aluminio que act\u00faa como barrera de vapor ayudando a prevenir el problema [&hellip;]<\/p>\n","protected":false},"featured_media":330,"comment_status":"open","ping_status":"closed","template":"","meta":[],"product_cat":[23],"product_tag":[],"class_list":{"0":"post-329","1":"product","2":"type-product","3":"status-publish","4":"has-post-thumbnail","6":"product_cat-climatizacion","8":"first","9":"instock","10":"taxable","11":"shipping-taxable","12":"purchasable","13":"product-type-simple"},"_links":{"self":[{"href":"https:\/\/climaduct.cl\/index.php\/wp-json\/wp\/v2\/product\/329","targetHints":{"allow":["GET"]}}],"collection":[{"href":"https:\/\/climaduct.cl\/index.php\/wp-json\/wp\/v2\/product"}],"about":[{"href":"https:\/\/climaduct.cl\/index.php\/wp-json\/wp\/v2\/types\/product"}],"replies":[{"embeddable":true,"href":"https:\/\/climaduct.cl\/index.php\/wp-json\/wp\/v2\/comments?post=329"}],"wp:featuredmedia":[{"embeddable":true,"href":"https:\/\/climaduct.cl\/index.php\/wp-json\/wp\/v2\/media\/330"}],"wp:attachment":[{"href":"https:\/\/climaduct.cl\/index.php\/wp-json\/wp\/v2\/media?parent=329"}],"wp:term":[{"taxonomy":"product_cat","embeddable":true,"href":"https:\/\/climaduct.cl\/index.php\/wp-json\/wp\/v2\/product_cat?post=329"},{"taxonomy":"product_tag","embeddable":true,"href":"https:\/\/climaduct.cl\/index.php\/wp-json\/wp\/v2\/product_tag?post=329"}],"curies":[{"name":"wp","href":"https:\/\/api.w.org\/{rel}","templated":true}]}}