{"id":326,"date":"2024-05-27T22:28:55","date_gmt":"2024-05-27T22:28:55","guid":{"rendered":"https:\/\/climaduct.cl\/?post_type=product&#038;p=326"},"modified":"2024-05-29T02:51:06","modified_gmt":"2024-05-29T02:51:06","slug":"facil-flex","status":"publish","type":"product","link":"https:\/\/climaduct.cl\/index.php\/producto\/facil-flex\/","title":{"rendered":"F\u00c1CIL FLEX"},"content":{"rendered":"<p>Ducto flexible con aislaci\u00f3n.<\/p>\n<p>Ducto flexible para aire acondicionado, T\u00e9rmico y ac\u00fastico , f\u00e1cil de cortar.<\/p>\n<div data-canvas-width=\"305.22196078431364\"><strong>El F\u00e1cil Flex<\/strong> es un ducto flexible aislado con fibra de<\/div>\n<div data-canvas-width=\"309.039477124183\">vidrio para aplicaciones de aire acondicionado. Est\u00e1<\/div>\n<div data-canvas-width=\"302.9032679738562\">conformado por un n\u00facleo de alambre helicoidal de acero<\/div>\n<div data-canvas-width=\"304.0946405228758\">encapsulado entre dos pel\u00edculas de poli\u00e9ster, a trav\u00e9s del<\/div>\n<div data-canvas-width=\"146.8718954248366\">cual fluye el aire del sistema.<\/div>\n<div data-canvas-width=\"303.3772549019608\">El n\u00facleo es recubierto con aislamiento de fibra de vidrio<\/div>\n<div data-canvas-width=\"257.8104575163398\">y a su vez con una manga de poli\u00e9ster metalizado.<\/div>\n<div data-canvas-width=\"257.8104575163398\"><\/div>\n<div data-canvas-width=\"257.8104575163398\"><strong>Usos:<\/strong><\/div>\n<div data-canvas-width=\"257.8104575163398\">\n<div data-canvas-width=\"307.01542483660126\">El n\u00facleo interno del F\u00e1cil Flex\u00ae est\u00e1 dise\u00f1ado para<\/div>\n<div data-canvas-width=\"306.7976470588235\">soportar presiones de operaci\u00f3n medias y bajas para<\/div>\n<div data-canvas-width=\"299.54692810457516\">sistemas de aire acondicionado, en aplicaciones comercia-<\/div>\n<div data-canvas-width=\"94.93830065359475\">les y residenciales.<\/div>\n<div data-canvas-width=\"304.90169934640517\">El producto puede ser usado como ducto completo de<\/div>\n<div data-canvas-width=\"304.517385620915\">aire o con conectores tipo difusor, entradas a cuartos y<\/div>\n<div data-canvas-width=\"197.0888888888889\">otros tipos de dispositivos terminales<\/div>\n<\/div>\n<div data-canvas-width=\"257.8104575163398\"><\/div>\n<p><strong>Medidas:<\/strong><\/p>\n<p>Longitud Est\u00e1ndar: 25\u00b4(7.62 m)<\/p>\n<p>D\u00edametros :4&#8243;, 6&#8243;, 8&#8243;, 10&#8243;, 12&#8243;, 14&#8243;<\/p>\n<p>D\u00edametros a pedido: 16&#8243;, 18&#8243; y 20&#8243;<\/p>\n","protected":false},"excerpt":{"rendered":"<p>Ducto flexible con aislaci\u00f3n. Ducto flexible para aire acondicionado, T\u00e9rmico y ac\u00fastico , f\u00e1cil de cortar. El F\u00e1cil Flex es un ducto flexible aislado con fibra de vidrio para aplicaciones de aire acondicionado. Est\u00e1 conformado por un n\u00facleo de alambre helicoidal de acero encapsulado entre dos pel\u00edculas de poli\u00e9ster, a trav\u00e9s del cual fluye el [&hellip;]<\/p>\n","protected":false},"featured_media":327,"comment_status":"open","ping_status":"closed","template":"","meta":[],"product_cat":[23],"product_tag":[],"class_list":{"0":"post-326","1":"product","2":"type-product","3":"status-publish","4":"has-post-thumbnail","6":"product_cat-climatizacion","8":"first","9":"instock","10":"taxable","11":"shipping-taxable","12":"purchasable","13":"product-type-simple"},"_links":{"self":[{"href":"https:\/\/climaduct.cl\/index.php\/wp-json\/wp\/v2\/product\/326","targetHints":{"allow":["GET"]}}],"collection":[{"href":"https:\/\/climaduct.cl\/index.php\/wp-json\/wp\/v2\/product"}],"about":[{"href":"https:\/\/climaduct.cl\/index.php\/wp-json\/wp\/v2\/types\/product"}],"replies":[{"embeddable":true,"href":"https:\/\/climaduct.cl\/index.php\/wp-json\/wp\/v2\/comments?post=326"}],"wp:featuredmedia":[{"embeddable":true,"href":"https:\/\/climaduct.cl\/index.php\/wp-json\/wp\/v2\/media\/327"}],"wp:attachment":[{"href":"https:\/\/climaduct.cl\/index.php\/wp-json\/wp\/v2\/media?parent=326"}],"wp:term":[{"taxonomy":"product_cat","embeddable":true,"href":"https:\/\/climaduct.cl\/index.php\/wp-json\/wp\/v2\/product_cat?post=326"},{"taxonomy":"product_tag","embeddable":true,"href":"https:\/\/climaduct.cl\/index.php\/wp-json\/wp\/v2\/product_tag?post=326"}],"curies":[{"name":"wp","href":"https:\/\/api.w.org\/{rel}","templated":true}]}}